37. Is z prime?
False
Suppose -5*b + 0 = -20. Suppose -2420 = 4*n - 3*m, b*n + m + 2404 = -0*n. Let g = -391 - n. Is g a composite number?
False
Suppose -4 = -2*r + 4*n, -3*r - 2*n + 22 = -0*r. Suppose -1090 - 1292 = -r*t. Is t a composite number?
False
Let b be (-1047)/(-2)*(12 - 10). Suppose l - m = -4*m + 205, -b = -5*l - 4*m. Is l a prime number?
True
Suppose 2*b + 15*r - 4833 = 14*r, 7282 = 3*b - 5*r. Is b prime?
False
Let n(x) = x**3 - 46*x + 118. Is n(14) prime?
False
Suppose 0 = g + 5*c + 13, 2*g + 0*g + 5 = -3*c. Suppose -2*b + g = -2. Suppose b*k - 109 = k. Is k a composite number?
False
Let w be 1/2*6 + 5. Suppose 2*j + 222 = w*j. Is j composite?
False
Let d(l) = -399*l - 25 + 13 + 11. Is d(-2) a composite number?
False
Suppose g - 25 = -5. Is (g/(-6))/(26/(-1443)) prime?
False
Is 10*18/120 - (-13987)/2 a composite number?
True
Suppose 1516 = 10*k - 864. Let j = 97 + k. Is j a composite number?
True
Let x = 43361 + -17978. Is x a prime number?
False
Let h = -15 - -15. Let t be 7*(h - (-618)/21). Let x = t - 147. Is x prime?
True
Suppose 2*s + 5*o - 1534 - 6429 = 0, 4*s = o + 15959. Is s composite?
False
Let a(n) = 11*n + 15. Let u(w) = -17*w - 22. Let d(k) = 8*a(k) + 5*u(k). Is d(9) composite?
False
Let h(z) = 162*z**3 - z**2 + 12*z - 11. Let q be h(4). Suppose -8*j + q = -4187. Is j composite?
True
Suppose -i - u = -443, -3*i + 2245 = 2*i - u. Suppose -4*m - 2*w = -i, 3*w = 2*m + 6*w - 228. Is m prime?
False
Let i(a) = a**2 + 7*a + 3. Let j be i(-7). Suppose j = 3*o, g - 6*g + 4*o = -14731. Is g a prime number?
False
Suppose 2*d - 2*c - 756 = 0, -2*c + 1518 = -39*d + 43*d. Is d a prime number?
True
Let c(s) = 16*s**3 - 2*s - 1. Let m be c(-1). Let y = -15 - m. Suppose 4*f - 6*f + 178 = y. Is f prime?
True
Is (2 + 1)/(12/6548) composite?
False
Let s(n) = 14*n - 7. Let m be s(3). Suppose -1690 = -5*o - m. Is o composite?
False
Let a(v) = 55*v**2 + v + 14. Let i(m) = -54*m**2 - 2*m - 13. Let w(b) = 4*a(b) + 3*i(b). Is w(4) composite?
False
Let o(m) = 72*m**2 - 11*m - 13. Is o(12) a prime number?
True
Let k(y) be the first derivative of -y**3/3 + 11*y**2/2 - 14*y - 7. Let v be k(9). Suppose v*j = -38 + 546. Is j a prime number?
True
Let s(g) = g**2 + 4*g - 2. Let b be s(1). Is b + (-15884)/(-10) - 10/25 a prime number?
False
Let v = -9 - -5. Let i = -6 - v. Is (-1 - i)*290/2 a composite number?
True
Suppose 2*a - 2305 = -3*s, -838 - 692 = -2*s + 2*a. Is s a composite number?
True
Is (-2)/(-4) + 12*(-37020)/(-160) a composite number?
False
Let v(c) = c**2 - 54*c + 78. Is v(-25) a prime number?
True
Suppose 0 = -2*i + 5*m - 18, m = 3*i - 23 + 63. Let c = i + 18. Suppose -t + 343 = c*u + 2*t, t = -4*u + 341. Is u a composite number?
True
Suppose -5*y - 2*g + g = 1846, 3*g = -3*y - 1098. Let i = y + 587. Is i a composite number?
True
Suppose -10639 = -20*v + 2821. Is v a composite number?
False
Let q(s) = 21*s**3 + 3*s**2 + 5*s - 4. Let i be q(3). Suppose i = r + 4*r. Is r a prime number?
False
Let g be 431/(-3) + (-4)/3. Let m = g - -260. Is m a composite number?
True
Is 0 - 5/((-35)/432187) composite?
True
Suppose -5*y = k - 59141, 0 = k - 5*y + 2*y - 59141. Is k a composite number?
False
Let g(l) be the second derivative of -8*l**3/3 + 5*l**2 + 6*l. Let a be g(-8). Let q = -89 + a. Is q a composite number?
True
Let b = 8831 - 6222. Is b composite?
False
Let f(r) = -6 - r**2 + 5*r + 1 + 2*r. Let v be f(5). Is (-582)/v*10/(-4) a composite number?
True
Suppose 0 = -5*c - 4*k - 47, c + 4*k + 19 + 0 = 0. Let j(r) = -12*r + 3. Let z(m) = -24*m + 7. Let d(p) = 9*j(p) - 4*z(p). Is d(c) composite?
False
Suppose -5*n - 195 - 24 = 3*j, 0 = 2*n + 4*j + 82. Let c = 29 - 53. Let o = c - n. Is o composite?
True
Let g = 22011 + -4208. Is g a composite number?
True
Let v = -277 - -430. Let c = 332 - v. Is c composite?
False
Let w(c) = 25*c**2 - 11*c - 567. Is w(40) prime?
True
Suppose 8263 = 15*m - 10*m + 3*i, -8 = 2*i. Is m prime?
False
Suppose -6*n = 95 - 731. Suppose d + n = 3*d. Is d composite?
False
Let l = -973 + 2322. Is l prime?
False
Let p(h) = -13*h + 61. Is p(-4) a composite number?
False
Let s(t) = -t**3 - 3*t - 1. Let x(y) = 200*y**3 + 2*y. Let l(i) = -s(i) - x(i). Let r = -2 - -1. Is l(r) a prime number?
True
Suppose -g = -3*s + 4, -g - 4 = -4*g + s. Suppose -o = j - 7, 0*j - 3*o = -g*j - 11. Suppose 0 = j*q - 0*q - 282. Is q composite?
True
Let h(w) = 213*w**3 + 6*w**2 - 7*w + 7. Is h(5) a prime number?
False
Let s(w) = 131*w**2 - 13*w + 91. Is s(8) prime?
False
Let f(b) = -b**3 + 13*b**2 + 1. Let d be f(13). Suppose 3*q = 7*q. Is (10/1)/(q + d) a composite number?
True
Suppose 0 = -126*g + 135*g - 273393. Is g composite?
True
Let d be (-344)/4*3 + 4. Let s = 403 + d. Is s prime?
True
Suppose 0 = -5*l + 9*l - 788. Suppose -c = -l - 540. Is c a prime number?
False
Is ((-126088)/(-32))/(1/4) a composite number?
False
Suppose 3*k + 5115 = -8*k. Let d = 1003 + k. Is d a composite number?
True
Is (-8 + 1)/7*-853 a composite number?
False
Suppose -5*v = -4*g + g + 37, 4*v - 18 = -g. Is (-1433)/(-7) + 4/g a prime number?
False
Let d = 123999 - 43748. Is d a composite number?
False
Let r(c) be the first derivative of c**5/15 + 5*c**4/24 + 7*c**3/6 - 3*c**2 + 6. Let a(j) be the second derivative of r(j). Is a(-5) prime?
False
Let c(z) = 71*z**2. Suppose 0 = -56*w + 61*w - 5. Is c(w) a prime number?
True
Suppose 11480 = 3*u + 3887. Is u a composite number?
False
Suppose 4*w - 466 - 506 = 0. Suppose -8*j + 191 = -6*j - 5*p, -3*p - 185 = -2*j. Let m = w - j. Is m prime?
False
Let b be 3 + 6 - -4 - 8. Let l = -14 + 33. Is l*b/10*2 a composite number?
False
Let f(t) = -5*t**3 + 3*t**2 + 2*t + 3. Let i(j) = j - 11. Let d be i(-7). Let v = 15 + d. Is f(v) composite?
True
Let u(q) = -q**3 - 7*q**2 + 7*q - 5. Let v be u(-8). Let n = 16 + v. Is n a prime number?
True
Let k(h) = -h**3 - h. Let r(w) = -2*w**3 - w**2. Let l(p) = k(p) - r(p). Let s(y) = 3*y**2 - 12*y + 11. Let t be s(1). Is l(t) prime?
False
Let u = 310 + -185. Is u - (-6)/(1 - -2) a prime number?
True
Suppose -400*g = -399*g - 3826. Is g composite?
True
Suppose 22*h = 7*h + 596235. Is h a composite number?
False
Suppose 5*s + 1 = x + 91, -4*s - 4*x = -48. Suppose 3*c = 5*c + w + 5, 0 = -4*c + 5*w - s. Is 4/6*c + 165 prime?
True
Let o(g) = -2*g - 6. Let t be o(-5). Suppose -8890 = -v - 13*v. Suppose b + t*b = v. Is b a composite number?
False
Is 213 - 19/((-95)/50) prime?
True
Suppose 0 = -12*t + 16*t - 1864. Let s = t - 281. Is s a composite number?
True
Let y = -45 - -20. Let n = -29 - y. Is (-2)/(n/(-1938)*-3) a prime number?
False
Let v(h) = -4*h**3 - 2*h**2 - h. Let u be v(-1). Suppose 3*s = -u*d - 32 + 206, 162 = 3*d - s. Is d prime?
False
Let f(t) be the first derivative of 23*t**3/3 + 5*t**2/2 - 11*t + 9. Let s be 20/(-6)*3 + 4. Is f(s) a composite number?
False
Let v be (-58)/(-14) + 7/(-49). Suppose -v*s = s - 2605. Is s a prime number?
True
Suppose -5*x = 2*s - 4*s - 17, -3*x = -5*s - 14. Let q(z) = 2*z**2 - 2*z + 2*z**2 - z**2. Is q(x) prime?
False
Let h be (3/(-1) - -3)*-1. Suppose -2 = 2*d - h*d. Is (2 + d)*93/3 a composite number?
False
Suppose -2*f - 16 = g + 2*f, -f - 5 = 0. Suppose g*s = -5*k + 2933, -4*k = 2*s - 3345 + 995. Is k prime?
False
Suppose -4091 = -6*w + 11455. Is w prime?
True
Let y = -11 + 10. Let h be (-1)/(y*1/3). Let p(g) = 18*g**2 - 2*g + 7. Is p(h) prime?
True
Suppose -5*t + 15 = -2*t. Suppose 5*z - 300 = 4*p, 4*z - 3*z - t*p = 60. Let d = z - -317. Is d a composite number?
True
Let t = 1344 - 455. Is t a prime number?
False
Let c = 596 - 368. Suppose 6*n - 2*n = -540. Let v = c + n. Is v prime?
False
Suppose 0 = 3*j - 3*g - 310536, 5*g = -2*j + 38364 + 168695. Is j a prime number?
False
Let g = -11 + 13. Let i be g/9 + 75/27. Suppose -i*u - 2*u + 4*w + 383 = 0, 5*w - 94 = -u. Is u a composite number?
False
Suppose 0 = -2*v - 192 + 2426. Is v composite?
False
Is 16/(-72) + 45695/9 composite?
False
Let s be (-4767)/(3*3/6). Let g = 5783 + s. Is g a composite number?
True
Let a(u) = u**2 - u - 12. Let k be a(-4). Suppose -k*h + 3155 = -3*h. Is h composite?
False
Let f be ((-8)/(-12))/((-4)/(-102)). Let l = f + 4. Is l prime?
False
Suppose -3*l + j = -4*j - 2736, 0 = -5*l - 4*j + 4523. Is l prime?
True
Let f = 133 - 56. Is f a prime number?
False
Let b be 4